ainder when 63 is divided by (-32)/d*30/(-20)?
15
Let n be (-8 + -5 + 2)*4. What is the remainder when 42 is divided by 3/(76/n + 2)?
9
Let c = 1213 - 1193. What is the remainder when 52 is divided by c?
12
Let r(k) = 2*k**3 + 18*k**2 + 10*k - 15. Let v(a) = a - 14. Let p be v(7). Calculate the remainder when r(p) is divided by 16.
15
Let u = 732 + -565. What is the remainder when u is divided by 45?
32
Let j(o) = -6*o - 2*o - 4*o**2 - 3*o + 5*o**2 - 5. Let x be j(12). Suppose 2*p - p + 2 = 0, f + p - x = 0. What is the remainder when 15 is divided by f?
6
What is the remainder when 455 is divided by 10/50 - (-768)/10?
70
Let t = 132 - 21. Calculate the remainder when t is divided by 81.
30
Let q(x) = -x**3 + 13*x**2 - 11*x - 2. Let g(o) = 2*o - 2. Let a be g(4). Suppose 2*b = 3*b - a. What is the remainder when q(12) is divided by b?
4
Suppose d - 2*d + 27 = 4*l, 5*d = -2*l + 207. What is the remainder when 184 is divided by d?
12
Let o = 50 + 8. Calculate the remainder when o is divided by 18.
4
Let s be -1 - -2 - (2 + -1). Suppose -4*m = -5*b - 43, 4*m + 0*b - b - 63 = s. Calculate the remainder when m + (3 - (5 + 0)) is divided by 4.
3
Let a(h) = 26*h - 393. What is the remainder when 1858 is divided by a(16)?
18
Suppose 0 = -2*x - 5*x + 105. Let w = -40 - -70. Let l = w - x. What is the remainder when 42 is divided by l?
12
Suppose -32 = -g + 2*i + 3*i, -5 = i. Let v(w) = -g + 19*w + 3*w - 12 + 21. What is the remainder when v(1) is divided by 9?
6
Let g(k) = k**3 - 9*k**2 + 8*k - 6. Let q be g(8). Suppose 0 = 2*x + 3*x - 35. What is the remainder when x is divided by (-8)/q*18/12?
1
Let x be ((-4)/18 - 40/(-18)) + 0. Suppose 9 = 3*s, 4 + 8 = 3*n + x*s. What is the remainder when 10 is divided by n?
0
Suppose 0 = 4*r + r - 10. Suppose 2*u = -5*x - 31, 4*u + r = -0*u + 2*x. Let k(i) = -4*i. What is the remainder when 46 is divided by k(u)?
10
Let z(y) = -2*y - 2 + 13*y - 2*y + 3. Let w be z(3). Let i = w - 19. Calculate the remainder when 24 is divided by i.
6
Let d = 770 + -702. Calculate the remainder when d is divided by 18.
14
Let x = 50 - 46. Suppose 2*b = 0, -5*r + r = -x*b - 468. What is the remainder when r is divided by 60?
57
Let g(d) = d**3 + 5*d**2 - 9*d - 4. Suppose -8*y - 20 = -12*y. Suppose 2*z + y*j = 72, -4*z - j = 4*j - 154. Calculate the remainder when z is divided by g(-6).
13
Let b(l) = 433*l**2 + 6*l + 6. What is the remainder when b(-2) is divided by 9?
7
Let q(b) = 2*b**2 - 2*b + 9. Calculate the remainder when q(9) is divided by 112.
41
Suppose -19*b - 42*b = -4575. What is the remainder when b is divided by 20?
15
Let w(p) = 20*p**2 - 4*p + 3. Let x be w(2). Suppose -5*o - 51 = -m, 2*m - x = -0*m + o. What is the remainder when m is divided by 13?
10
Suppose 0 = 62*w - 54*w - 992. What is the remainder when w is divided by 25?
24
Let o(s) be the second derivative of s**4/6 + 2*s**3 + 7*s**2/2 + s. Suppose -41 = 4*a - 1. Calculate the remainder when o(a) is divided by 18.
15
Let c = -68 - -15. Suppose 3*b + 45 = -189. Let y = c - b. Calculate the remainder when 49 is divided by y.
24
Suppose -5*y - 6 = -76. Suppose -265 = -0*b - 5*b. Suppose 0 = -2*w + b + 53. What is the remainder when w is divided by y?
11
Suppose -70 = -4*c - 2*x - 12, c - 2 = -3*x. Calculate the remainder when 2/2*(-99)/(-3) is divided by c.
16
Let q(j) = 20*j + 2. Let o = -18 - -20. Let r be q(o). Suppose -4*f - 9 = 3*l - r, -f + 2*l = -22. What is the remainder when 34 is divided by f?
10
Let x(p) = p**3 - 5*p**2 - 7*p - 6. Let b be x(6). Let t = 19 + b. Let d(s) = -s**2 - 11*s + 9. Calculate the remainder when d(-10) is divided by t.
5
Let i be (-21)/(-2)*(-12)/(-7). Suppose -5*h + i + 457 = 0. What is the remainder when h is divided by 24?
23
Suppose -3*a - 2 = 4*v - 9, 5*v - a - 23 = 0. Suppose 4*t + 172 = v*c, -58 - 71 = -3*c + 2*t. Calculate the remainder when c is divided by 9.
7
Suppose -4*z - 46 = -138. Calculate the remainder when 179 is divided by z.
18
Let o(g) = 3*g**2 + 11*g + 33. Calculate the remainder when 78 is divided by o(-3).
24
Let y(v) = -v**2 - 5*v - 10. Let f be y(-3). Let d = 26 + f. Let s(m) = m**2 + 5*m. What is the remainder when d is divided by s(-6)?
4
Let b(y) = -2*y**2 - 2. Let m be b(-3). Suppose 111*x - 25 = 110*x. Let c = x + m. What is the remainder when 11 is divided by c?
1
Suppose -14*r + 154 + 28 = 0. What is the remainder when 229 is divided by r?
8
Suppose 15*d - 26*d = -110. Calculate the remainder when 769 is divided by d.
9
Let i(y) = y**3 + y + 12. Calculate the remainder when 120/5*12/9 is divided by i(0).
8
Let t(q) = -11*q - 5. Suppose 7*n - 2*n = 20. Suppose -2*k + 69 = 3*g, -g - n + 16 = -3*k. Calculate the remainder when t(-8) is divided by g.
20
What is the remainder when ((-1224)/10)/(4 - 22/5) is divided by 57?
21
What is the remainder when 441 is divided by 6 - -13 - -5 - 7?
16
Let o = -34 + 103. Let u = o - 28. Calculate the remainder when u is divided by 11.
8
Let g = 37 + -22. Let a = 32 + 10. What is the remainder when a is divided by g?
12
Suppose 6*n - 5*n + 5 = -4*u, -2 = -2*n - 5*u. What is the remainder when 171/4 + (-2)/(-8) is divided by n?
10
Suppose -3*p - 19 = 2*g, p + g = -2*p - 23. Calculate the remainder when 17 is divided by ((-15)/p)/(40/144).
5
Suppose -3*q + i = q - 8, 2*q - 22 = -4*i. What is the remainder when (38/76)/(2/116) is divided by q?
2
Let o = -12 + 81. Let d(f) = -f**3 - 10*f**2 + 9*f - 4. Suppose -4*k = -8*k - 44. What is the remainder when o is divided by d(k)?
15
Let v(g) = -g + 14. Suppose -3*i + 4*i = -2*z, -2*z - 20 = -4*i. Let x(k) = -k**3 + 6*k**2 - 4*k + 5. What is the remainder when x(i) is divided by v(8)?
3
Let f = -1159 + 1254. What is the remainder when f is divided by 16?
15
Suppose 0 = -3*k + 5*i + 37, -3*k - 8*i = -5*i + 3. Suppose w - 158 = -k*j, 2*w + j - 149 = w. What is the remainder when w is divided by 50?
46
Suppose 7*z - 6*z - 5 = 0. Suppose 0 = -t + 4*s + 3 + 9, -z*t + 148 = 2*s. What is the remainder when t is divided by 11?
6
Calculate the remainder when 226 is divided by (2/(-3))/((-73150)/(-6099) - 12).
12
Let w = -2 + 30. Let j = 4 - -11. Calculate the remainder when w is divided by j.
13
Let t(o) = o**3 - 6*o**2 + 7*o - 3. Let y(s) = s**2 - 8*s - 9. Let r be y(10). Suppose 0 = -3*x + r + 4. What is the remainder when 20 is divided by t(x)?
6
Suppose 0 = -5*h, 0*w = -2*w - 2*h + 18. Suppose 2*f = -3*z + 6*f + 11, 2*f = -3*z - 19. What is the remainder when w is divided by 0/(1 - 4) - z?
0
Let m = -122 + 137. Let j = 222 + -120. Calculate the remainder when j is divided by m.
12
Suppose -7 = -4*w + r, -1 = -3*w + w + r. Suppose -w*l - 60 = -2*g - g, 0 = 3*g + l - 44. Calculate the remainder when 43 is divided by g.
11
Let w(a) = -102*a + 838. Calculate the remainder when w(8) is divided by 4.
2
What is the remainder when (21/(-14))/(21/(-826)) is divided by 30?
29
Let o(a) = a**3 + 12*a**2 - 16*a - 31. Suppose 4*f - m - 48 = 0, 0 = f + m + m - 21. Calculate the remainder when f is divided by o(-13).
5
Let z(g) = 12*g + 54. Calculate the remainder when z(4) is divided by 21.
18
Let c be 10 - ((-5)/2 - -2)*8. Let o(y) = -y + 31. What is the remainder when 25 is divided by o(c)?
8
Let o(p) = -p + 4. Let i be o(1). What is the remainder when 95 is divided by i*4/3 + 21?
20
Let v(t) = 144*t - 133. What is the remainder when 311 is divided by v(2)?
1
Let q(a) = a**2 + 4*a - 4. Let y be q(-5). Let o(s) be the third derivative of 35*s**4/24 + 37*s**2. Calculate the remainder when o(y) is divided by 19.
16
Suppose 3*x - 51 = 3*t - 9, -3*x = 4*t - 77. Suppose 0 = 2*j - 4 + 2. Let n = 76 - j. What is the remainder when n is divided by x?
18
Suppose -5*y - 414 = 2*i, 4*y - 5*y - 2*i = 86. Let h be y - 6/9*-3. Let f = h + 117. What is the remainder when f is divided by 13?
11
Let i = 151 - 118. What is the remainder when 197 is divided by i?
32
Let h = 1281 + -779. Calculate the remainder when h is divided by 85.
77
Let r = 166 + -94. Let j(y) = y**2 + 57*y + 694. Calculate the remainder when r is divided by j(-16).
34
Let t = -5 + 20. Calculate the remainder when 83 is divided by t.
8
Suppose -11*t + 7*t = 2*y - 66, -2*t = 2*y - 36. Calculate the remainder when 109 is divided by t.
4
Let x(u) = -2*u**3 - 8*u**2 - 2*u - 23. Calculate